f 98265808?
False
Is 36 a factor of 2501748?
True
Is 20697558 a multiple of 83?
False
Does 1665 divide 587548414?
False
Is 2342614576 a multiple of 664?
True
Is 2483 a factor of 6536902?
False
Is 281 a factor of 135419898?
False
Does 4 divide 16092612?
True
Is 86 a factor of 140020533?
False
Does 1914 divide 72923400?
True
Does 934 divide 16915674?
True
Is 421 a factor of 246974?
False
Is 14 a factor of 318182060?
True
Does 366 divide 107275698?
True
Does 12 divide 112595646?
False
Is 6 a factor of 32122112?
False
Is 798219546 a multiple of 1002?
False
Is 33315652 a multiple of 12?
False
Is 2827 a factor of 1370611583?
True
Does 34 divide 50771112?
True
Does 2 divide 34090708?
True
Does 91 divide 1047938528?
True
Does 14 divide 795359876?
False
Does 16 divide 381180832?
True
Is 450968736 a multiple of 954?
False
Is 8 a factor of 67230297?
False
Is 65 a factor of 472991285?
True
Is 138765762 a multiple of 69?
True
Is 14279511 a multiple of 519?
False
Is 48 a factor of 370302573?
False
Is 632696187 a multiple of 464?
False
Is 75560762 a multiple of 218?
True
Is 2564143296 a multiple of 143?
True
Is 60305731 a multiple of 14?
False
Is 1214694700 a multiple of 775?
True
Does 71 divide 4715853?
False
Is 86967557 a multiple of 26?
False
Is 653774591 a multiple of 17?
False
Does 62 divide 748084189?
False
Does 568 divide 14613504?
True
Does 3 divide 13001098?
False
Is 188 a factor of 636329428?
True
Is 197 a factor of 9010780?
True
Is 116951890 a multiple of 110?
True
Is 1293439630 a multiple of 35?
True
Is 12403584 a multiple of 24?
True
Is 420316400 a multiple of 86?
True
Is 25 a factor of 76208750?
True
Is 17285208 a multiple of 254?
True
Does 371 divide 1728118?
True
Is 3348638290 a multiple of 31?
True
Is 4 a factor of 76415262?
False
Does 33 divide 16056381?
True
Is 524734715 a multiple of 29?
False
Is 1136288471 a multiple of 6121?
False
Is 973 a factor of 30492819?
False
Is 539 a factor of 1942426101?
True
Is 206292811 a multiple of 5308?
False
Is 933 a factor of 945709564?
False
Is 4 a factor of 2272955?
False
Is 74805210 a multiple of 1305?
True
Is 40 a factor of 1393628992?
False
Does 5 divide 394502975?
True
Is 28739072 a multiple of 8?
True
Is 43 a factor of 558838320?
True
Is 180944252 a multiple of 141?
False
Does 930 divide 1123947780?
True
Is 2066428 a multiple of 49?
True
Is 58135995 a multiple of 27?
True
Is 1195 a factor of 307502365?
False
Is 9492035 a multiple of 371?
True
Is 38344307 a multiple of 181?
True
Does 8005 divide 988513435?
True
Is 300016700 a multiple of 50?
True
Does 1518 divide 45505086?
True
Does 307 divide 197886674?
True
Does 3257 divide 186710782?
True
Is 517 a factor of 20299295?
False
Is 375757571 a multiple of 3?
False
Is 252 a factor of 38703974?
False
Is 19 a factor of 182829468?
False
Is 403 a factor of 231432422?
True
Is 445416569 a multiple of 5?
False
Does 15 divide 5722699?
False
Does 16 divide 388104320?
True
Does 38 divide 344385632?
False
Is 277183593 a multiple of 26?
False
Is 35177845 a multiple of 9?
False
Does 21 divide 882109243?
False
Is 68860680 a multiple of 2390?
True
Is 1229 a factor of 1370314872?
False
Does 7917 divide 1873003860?
True
Is 178 a factor of 227868286?
False
Is 2116 a factor of 503773726?
False
Does 2338 divide 41429360?
True
Is 723942422 a multiple of 12?
False
Is 593 a factor of 147630329?
False
Is 30 a factor of 17912340?
True
Is 2409979638 a multiple of 10802?
False
Is 29681270 a multiple of 1135?
False
Does 94 divide 230773670?
False
Does 68 divide 1269211712?
False
Does 7 divide 106662854?
False
Is 62 a factor of 608924196?
True
Is 174 a factor of 77895276?
True
Is 6219098335 a multiple of 167?
False
Is 250 a factor of 2399605250?
True
Is 46 a factor of 39570902?
True
Is 16 a factor of 1719270240?
True
Does 11 divide 1859553025?
True
Does 400 divide 63258800?
True
Does 20 divide 25130530?
False
Is 161 a factor of 130509926?
False
Is 1100448685 a multiple of 113?
False
Is 234735457 a multiple of 31?
False
Is 12608866 a multiple of 34?
True
Is 31 a factor of 407549902?
False
Is 27965409 a multiple of 1101?
False
Does 13 divide 694184961?
False
Is 7043 a factor of 990856202?
False
Is 138820586 a multiple of 17?
False
Does 592 divide 335296457?
False
Is 51865554 a multiple of 114?
True
Is 519 a factor of 138634965?
False
Is 19 a factor of 189983793?
True
Does 6 divide 94542174?
True
Does 176 divide 9433365?
False
Is 46 a factor of 37073111?
False
Is 12227916 a multiple of 70?
False
Does 142 divide 31001561?
False
Is 103797564 a multiple of 13?
True
Does 6 divide 1062156?
True
Is 8 a factor of 53962751?
False
Is 270979417 a multiple of 5548?
False
Is 77086265 a multiple of 40?
False
Is 365496625 a multiple of 25?
True
Is 285 a factor of 37952025?
True
Does 15 divide 155779998?
False
Is 1315828917 a multiple of 13?
True
Is 1083 a factor of 1168594465?
False
Is 187641060 a multiple of 222?
True
Is 35503281 a multiple of 13?
False
Is 1361 a factor of 32896840?
False
Is 110466264 a multiple of 103?
True
Does 361 divide 58415576?
True
Is 555280322 a multiple of 8509?
True
Is 200 a factor of 21576600?
True
Is 3429 a factor of 427860333?
True
Is 4 a factor of 123755833?
False
Does 123 divide 77577633?
False
Does 2531 divide 37628377?
True
Is 279 a factor of 2206345392?
True
Is 19 a factor of 80340759?
True
Is 21 a factor of 13431411?
True
Is 3 a factor of 25559649?
True
Does 9 divide 2169702217?
False
Does 110 divide 198047283?
False
Does 941 divide 838198573?
True
Does 201 divide 42955627?
False
Is 30 a factor of 1286820150?
True
Is 7 a factor of 370962408?
False
Is 64850368 a multiple of 1227?
False
Does 97 divide 13031672?
False
Is 223 a factor of 54254562?
True
Is 80 a factor of 63323040?
True
Is 32 a factor of 1506915680?
True
Does 3 divide 3516024?
True
Is 593365529 a multiple of 17?
False
Does 75 divide 130621650?
True
Does 142 divide 35795425?
False
Is 1400 a factor of 284057200?
True
Is 410657670 a multiple of 90?
True
Is 298010130 a multiple of 2046?
True
Is 190 a factor of 605422099?
False
Is 125380774 a multiple of 499?
False
Is 11 a factor of 685765878?
False
Is 126 a factor of 100552850?
False
Does 1957 divide 167645625?
False
Is 293 a factor of 19993148?
True
Is 333 a factor of 731773161?
True
Does 52 divide 55714758?
False
Does 394 divide 19363130?
True
Is 13 a factor of 78868465?
True
Does 16 divide 36211280?
True
Is 37 a factor of 467813294?
False
Does 4 divide 306561064?
True
Does 4 divide 12696792?
True
Does 1534 divide 68345836?
True
Is 27 a factor of 51583878?
True
Is 1120461764 a multiple of 1494?
False
Does 186 divide 273076803?
False
Does 8142 divide 881706994?
False
Is 2422725930 a multiple of 207?
True
Is 94 a factor of 316039?
False
Does 80 divide 252754223?
False
Is 113 a factor of 13020503?
False
Is 9 a factor of 9829656?
True
Is 177 a factor of 186630747?
True
Does 18 divide 3454805?
False
Is 54346939 a multiple of 46?
False
Is 8 a factor of 56593064?
True
Is 13 a factor of 66801058?
False
Does 51 divide 3114978?
True
Is 20 a factor of 674335816?
False
Does 16 divide 89764768?
True
Is 70514940 a multiple of 343?
False
Is 41760185 a multiple of 555?
False
Is 2621457105 a multiple of 12315?
True
Does 952 divide 140601003?
False
Is 203 a factor of 258436162?
False
Does 1006 divide 45159457?
False
Does 74 divide 1040161908?
True
Does 904 divide 27308032?
True
Is 517967283 a multiple of 125?
False
Does 679 divide 65966208?
True
Does 114 divide 1326173286?
True
Is 140 a factor of 52544380?
True
Does 31 divide 41452301?
True
Does 586 divide 114100471?
False
Is 603987803 a multiple of 4962?
False
Does 624 divide 145218866?
False
Is 8198047 a multiple of 202?
False
Does 22 divide 194207715?
False
Does 1154 divide 217816346?
True
Does 234 divide 7703982?
True
Is 293 a factor of 9825863?
False
Does 121 divide 13773672?
True
Is 792 a factor of 141615144?
True
Is 253 a factor of 30914133?
False
Is 27778413 a multiple of 1963?
True
Is 1103964179 a multiple of 326?
False
Is 1101 a factor of 346053683?
False
Is 211 a factor of 405707431?
False
Is 10 a factor of 3380700?
True
Is 70 a factor of 246760990?
True
Is 730541709 a multiple of 24?
False
Does 1755 divide 28726986?
False
Is 11 a factor of 11641070?
False
Does 113 divide 14884562?
False
Is 5 a factor of 